
Let h be (4/4)/(1/25). Let z be (-15*65/(-78))/(1/10). Calculate the greatest common divisor of h and z.
25
Let v(f) be the third derivative of -47*f**4/24 - 4*f**3/3 - 6*f**2 + 6*f. Let t be v(-14). Calculate the greatest common factor of t and 13.
13
Let n be ((-14652)/185)/(-18)*(304 - -1). What is the highest common factor of n and 5002?
122
Let i be (19908/(-8))/(-9) + 4/8. Let u = i - 262. What is the greatest common factor of 6 and u?
3
Let g(u) = 4*u**2 + 15*u - 119. Let q be g(5). Let c be -2 - (-2)/(-4)*-62. Suppose c - 1 = 2*d. Calculate the highest common factor of q and d.
14
Let o(s) = 5*s**2 + 39*s + 2064. Let n be o(-48). Calculate the greatest common divisor of n and 183.
183
Let j = 170 - 50. Suppose 5*b + 3*x - 4372 = b, 0 = -2*b + 4*x + 2164. Let v be 4/(-7) + b/70. Calculate the highest common factor of j and v.
15
Suppose 50*z = 6*z + 14872. Let x be (-21)/2*(-1924)/259. What is the highest common divisor of x and z?
26
Suppose -4*c = 5*r - 62, 4*r - r = 4*c - 78. Let t(f) = 73*f - 542. Let g be t(8). Calculate the greatest common divisor of c and g.
6
Let c be 16*(45/(-180))/((-2)/8). Let q be -74*(-71)/8 - 12/16. What is the greatest common factor of c and q?
16
Suppose 2*l - 2 = 30. Let f = 151 + -147. Suppose -15 = 3*c, 4*c + 30 = f*w + 2. What is the highest common divisor of w and l?
2
Let t be 23404/56 + 439/6146. Let c be (2/(-4))/(1/(-44)). Calculate the highest common factor of t and c.
22
Suppose -5*c = -44*s + 46*s - 180, 4*c - 4*s = 144. Calculate the highest common divisor of c and 1269.
9
Let i = -5559 - -5604. Calculate the highest common divisor of 1125 and i.
45
Let j(x) = 659*x**3 - x**2 + x - 1. Let c be j(1). Suppose -c + 172 = -3*t. Suppose 306*l - 351*l = -1215. Calculate the greatest common factor of t and l.
27
Let b be 6/(-4)*(-30)/(-9). Let d(g) = -28*g - 28. Let q be d(b). What is the greatest common factor of 14 and q?
14
Let y(g) = g**3 - 6*g**2 + 9*g - 33. Let m be (-261)/(-45) - 2/(-10). Let p be y(m). Calculate the greatest common divisor of p and 9.
3
Suppose -2888 = 5*i - 2*g - 10052, 3*i + 6*g = 4248. What is the highest common divisor of 2695 and i?
55
Let u = 221 - 210. Suppose 2*j + u = 29. Calculate the greatest common divisor of j and 3.
3
Let w(u) = u**2 - 4*u + 1. Let p(d) = -4*d + 20. Let s be p(5). Let h be w(s). Let k be -4 - (-12 - h - 2). Calculate the greatest common factor of 33 and k.
11
Let x(a) = a**2 - 15*a - 20. Let g be x(17). Let z = 24 - g. Suppose -49 = z*m - 159. Calculate the greatest common divisor of m and 77.
11
Suppose -32*d - 200 = -7*d. Let p be (d + (-250)/(-30))/((-3)/(-81)). What is the greatest common divisor of p and 144?
9
Let l be (-1)/((5/(-50))/(4/5)). Let u(n) = l + 66*n + 2*n**2 + 63*n - 141*n. Let c be u(8). Calculate the greatest common factor of 5 and c.
5
Suppose 4*x = -3*y + 584, -559 = -3*y - 2*x + 3*x. Let t be (-3 - 3) + (-7)/((-28)/y). Calculate the highest common factor of 943 and t.
41
Let o be 3 - ((-6)/(-2) + 0). Let g be (o - 4/1) + 21. What is the highest common divisor of g and 221?
17
Suppose 0 = 5*d + 14*h - 19*h - 230, -4*d = 4*h - 144. Calculate the highest common divisor of d and 8815.
41
Let u(f) = f**2 - 5*f - 105. Let r be u(-8). Let w be (2/r)/((-1448)/144 - -10). Calculate the highest common divisor of w and 198.
18
Suppose 420*z - 3*c + 60 = 423*z, -52 = -2*z + c. Calculate the greatest common divisor of z and 3272.
8
Suppose 0 = 4170*q - 4148*q - 4972. Calculate the highest common divisor of q and 3503.
113
Let c be 2573 + (46 + -52 - 2*2/(-4)). What is the highest common factor of 192 and c?
24
Let c(j) = 14*j**2 + 3*j + 5. Let z be c(3). Let w = z + -90. What is the greatest common factor of w and 20?
10
Suppose 2*o + 4 = -5*m + 8, -m - 10 = -5*o. Suppose m = -4*b - 5 + 125. Calculate the greatest common factor of b and 40.
10
Suppose -6*j + 13*j = -2128. Let m = 318 + j. Calculate the greatest common factor of m and 98.
14
Let x be (120/(-25))/((-3)/10). Suppose 0 = 6*o + 10*o + 144. Let l(s) = -2*s - 10. Let z be l(o). Calculate the highest common divisor of x and z.
8
Let y = 41 + -21. Suppose -27400 = -101*l - 173*l. What is the highest common divisor of y and l?
20
Suppose -5*b + 12 = 7. Let d be (-7 - (b - 4))*-1. Suppose 5*t = d + 216. Calculate the greatest common factor of 44 and t.
44
Suppose 0 = 95*p + 43*p - 76280 - 27496. Let q = 170 - -62. Suppose 8*z - p = -q. What is the highest common factor of 13 and z?
13
Suppose 5*k - 50 = 20. Suppose -s - 74 + 174 = 0. Let b be ((-196)/6)/(s/(-150)). What is the highest common divisor of b and k?
7
Suppose -q + 1084 = -7*a, -7*a = 3*q - 5*a - 3160. Calculate the greatest common factor of 672 and q.
96
Let l(a) = a**3 + 10*a**2 - 12*a + 8. Suppose 5*c = 3*c - 22. Let t be l(c). Suppose 4*x - t = 25. What is the highest common factor of 77 and x?
11
Suppose -3*f - 16 = -z, -1 - 14 = 3*f. Let u be 26 + 3 - 4*1/z. What is the greatest common factor of 325 and u?
25
Let t(y) = -125*y - 987. Let u be t(-8). Calculate the highest common factor of 1469 and u.
13
Let j(a) = -19*a + 1634. Let l be j(57). Calculate the greatest common factor of l and 58.
29
Suppose 6 = -2*x - u - u, 4*u + 14 = -2*x. Let a(h) = -54*h - 295. Let d be a(-7). What is the highest common factor of d and x?
1
Suppose -3*r = 28 - 4. Let c(x) = -x - 14. Let p be c(r). Let k be p/(-1) - (11 - 10). Calculate the greatest common divisor of k and 5.
5
Let c be (-3)/6 + (-42)/(-4). Let h = 8 - 5. Let k be h + -6 + 54/3. Calculate the highest common factor of c and k.
5
Let y be (-11170)/(-65) - (-2)/13. Let i = 43 - -86. What is the greatest common factor of y and i?
43
Suppose -q + 6 = 2. Suppose 2*l - 5*c - 58 = 0, -5*c = -q*l - c + 104. Let v = -2810 - -2813. What is the greatest common divisor of v and l?
3
Suppose 9*p - 831 = 3*t, 86*p = 82*p - 4*t + 332. Let a be 1/(-3*3/(-216)). What is the greatest common divisor of p and a?
6
Suppose 24 = 2*v - v. Let i(u) = 2*u**2 + 43*u + 27. Let a = 29 + -50. Let w be i(a). Calculate the greatest common divisor of v and w.
6
Let u be 1 - (-3 + 7 - 1) - -4. Suppose -3*n - u*q = 2*n - 1, 5*n = q - 8. Let a be n/(5/(-290)) - 3. Calculate the highest common factor of 495 and a.
55
Let q = 6 + -19. Suppose l - 24 + 47 = 0. Let f = q - l. What is the greatest common divisor of f and 10?
10
Let s = 3272 - 3080. Calculate the highest common divisor of 15 and s.
3
Let a(o) = -34*o - 1948. Let m be a(-67). Calculate the greatest common factor of 40 and m.
10
Let o(m) = 338*m - 1841. Let a be o(8). Calculate the highest common divisor of 1 and a.
1
Suppose -27*u = -24*u - 33. Suppose -8*x = u*x - 13775. Calculate the greatest common factor of 29 and x.
29
Suppose 2*v - 398 = -158. Suppose -681 = 4*c - 921. What is the highest common factor of c and v?
60
Suppose 14 = 2*d - d. Let i be (-7 + 6)/(0 - -1)*-55. Let p be (-11)/(i/(-15)) + 151. Calculate the greatest common divisor of p and d.
14
Suppose 4*n - 4*h - 304 = 0, -3*h + 7*h = -3*n + 200. Calculate the greatest common factor of 1179 and n.
9
Let o(s) = -s - 8. Let c be o(-13). Let p be 2/2*(33 + -4 + 2). Let v = p + -16. Calculate the greatest common divisor of c and v.
5
Let g be (2*(-126)/(-35))/(2/105). Calculate the greatest common factor of 9261 and g.
189
Let k = -489 + 774. Suppose -10*f + 0*f = -150. What is the highest common divisor of f and k?
15
Suppose -11*k + 14*k - 419 = -5*s, -2*k + 5*s = -296. Calculate the highest common factor of k and 26.
13
Suppose -2*c = -5*i - 49, -378*i = 4*c - 379*i - 107. Calculate the highest common divisor of 657 and c.
9
Let c(x) = -21*x**2 - 3*x**3 + 12*x**3 + 0*x - x - 8*x**3. Let g be c(21). Let i be (63/12)/(g/(-224)). Calculate the greatest common factor of 14 and i.
14
Let q = 2039 - 531. What is the greatest common divisor of 52 and q?
52
Let u(y) = -16*y - 23. Let h be u(12). Let t = h + 229. What is the greatest common divisor of 336 and t?
14
Suppose 0 = 69*j - 73*j - 5*o + 213, 4*o - 78 = -j. What is the highest common factor of 168 and j?
42
Let x(b) = -58*b**2 + 3*b + 2. Let z be x(-2). Let q(a) = 112*a - 162. Let h be q(5). Let d = z + h. Calculate the greatest common divisor of d and 18.
18
Let i(s) = -s**2 + 7*s + 12. Let n be i(-3). Let b be n/(-